 - 3. Let y be g(7). Suppose -v*n - 3*l = -585 - 5, -5*n = y*l - 595. Is n prime?
False
Let z be 3*((-5)/3 + -1). Let d(g) = g**3 + 10*g**2 - 3*g + 9. Is d(z) a prime number?
False
Is ((-7974)/(-4) + -1)/(2/4) prime?
False
Suppose 4*k + 0*k - 4*d = 72, -3*k + 36 = 3*d. Suppose -k = -2*t - 3*t. Suppose 0*m = o + t*m - 1, -5*o = -3*m - 23. Is o composite?
True
Suppose -k + 3*p = -5, 9 = 4*k + 2*p + 3. Is 9/(-6)*k - -18 a prime number?
False
Let z = 7 + -6. Let t(s) = 446*s**3 - 2*s**2 + 2*s - 1. Is t(z) a prime number?
False
Let b be (2 + -12)/(3/(-6)). Let c = 53 - b. Is c a prime number?
False
Suppose -2*k = -2*r, 2*r - 3*r = -3. Let w be ((-1)/(-2))/((-2)/(-848)). Suppose -a - k*a = -w. Is a a prime number?
True
Suppose -3*c = -2*p - 2, -p - p + 4 = 0. Suppose -c*d + 0*s = -2*s - 46, 0 = -5*d - 4*s + 160. Suppose f + d = 3*f. Is f a prime number?
False
Suppose 257 = -b + 63. Let c = -37 - b. Is c prime?
True
Let p = 9 + -5. Suppose -5*j + 2 = -p*j. Suppose 3*s - 316 = -j*x, 5*x - 458 = -3*s - 145. Is s composite?
True
Suppose 2*i - 3*p - 20 = 2, 2*p = -4*i + 44. Let w = i + -6. Is (-7 - -7) + w*29 composite?
True
Let o(r) be the first derivative of -2*r**3 + 6*r + 0*r**2 - 2 - 1/4*r**4. Is o(-7) composite?
True
Let j be 3670/(-4)*(-1 - -3). Let y = -1278 - j. Is y composite?
False
Let l(m) be the third derivative of 11*m**5/12 - m**4/8 - m**3/2 + 9*m**2. Is l(-2) composite?
False
Is 6389/(-3)*(-84)/28 prime?
True
Let f = -93 + 38. Let g = 94 + f. Suppose -2*c - c = -g. Is c composite?
False
Let j be (-1 - -2)/((-6)/(-60)). Is (3 - (-12)/(-4)) + j a prime number?
False
Suppose 0*n = 4*n + 4*t - 24, 0 = -2*n + 5*t - 9. Suppose n*s - 209 = -z, -s - 3*z = -6*z - 63. Is s composite?
True
Suppose -5*r + 5*n + 20 = 0, 5*r = -n - 4*n + 40. Suppose -4*v + 6*v - r = 0. Suppose -356 = v*l - 7*l. Is l prime?
True
Let w(x) = x**2 + 2*x - 3. Let f be w(-4). Let c = 8 - f. Suppose -5*h + r + 189 = 2*r, 3*h = c*r + 99. Is h a composite number?
False
Let n(b) = -3 - 2 + b - 9*b. Is n(-5) composite?
True
Let w = 18 + -33. Let l = w + 54. Is l a prime number?
False
Let n(p) = p**2 + 8*p + 3. Let f be n(-9). Suppose -f = -4*u, -l - u - 63 = -4*l. Is l composite?
True
Let d(g) = -2*g - 10 - 3*g + 1. Is d(-6) a composite number?
True
Let m be 92 - (0 - 2) - -1. Suppose 0 = 7*b - 2*b - m. Let p = 124 + b. Is p composite?
True
Let q(z) = -9*z**3 - 1. Let h be -3 - (-4)/(-6)*-3. Let u be q(h). Is (-7)/(1 + u/(-6)) prime?
False
Let b = 0 + 11. Let k = 21 - b. Suppose 0 = -x - 5*f + k + 99, 4*x - 352 = f. Is x a prime number?
True
Suppose 34 = o + 4*h - 0*h, -o + h = -19. Is o a composite number?
True
Is (-5)/(4 - (-186)/(-46)) a prime number?
False
Let h = -15 + 9. Let n(q) = 5*q**2 + 3*q - 5. Is n(h) composite?
False
Let v be (1/(-2))/(1/(-2)). Let s(o) = 163*o - 2. Let i(g) = -82*g + 1. Let m(x) = 7*i(x) + 4*s(x). Is m(v) prime?
False
Let c(h) = -5*h**3 - h**2 - 6*h + 1. Is c(-5) a composite number?
False
Is (-18172)/(-35) - 1/5 a composite number?
True
Let q be (-1 - 6/(-10))*-220. Suppose -5*c - 6 = -8*c. Suppose -2*o + q = c*o. Is o a composite number?
True
Let k = 40 - 16. Is 198/(-2)*(-8)/k composite?
True
Let h be (-14)/(-3) + 3/9. Suppose 4*s + i = 17, 10*s + 2*i - 22 = h*s. Suppose -5*w + 137 = 3*j, s*j - w + 3*w - 164 = 0. Is j a composite number?
True
Let p = -65 + 174. Is p composite?
False
Suppose 5*a = 4*a + 38. Let o be a/(-4)*(-6)/1. Suppose -4*u = -u - o. Is u composite?
False
Suppose -5*n - 21 = -2*n. Let b(z) = -z**3 - z - 1. Let h(l) = -2*l**3 - 5*l**2 + 8*l + 2. Let d(a) = -b(a) + h(a). Is d(n) a prime number?
False
Let p(c) = -3*c + c**3 + 2*c + 15*c**3. Let j = 6 + -5. Is p(j) a prime number?
False
Suppose -16 = d - 3*d. Suppose -3*b = -d*b + 695. Is b a prime number?
True
Suppose -o = -3*b + 4, 0*o + o - 4*b = -6. Is 20 + (-3 + o)/(-1) a composite number?
True
Suppose -4*u = -0*u - 20. Let k = u - 2. Suppose -k*x + 4*n = -169, x - 4*n = 2*x - 51. Is x a composite number?
True
Let h(t) = 4*t + 5*t - 1 + 5. Let n = 4 - 1. Is h(n) prime?
True
Suppose 3*k - 2 = -2*u, -3*k + 0*k = 5*u - 14. Suppose -9 = -5*s - l + 2*l, 2*l = -s + u. Suppose 98 = -0*i + s*i. Is i a prime number?
False
Suppose -8*f - 5556 = -14476. Is f a composite number?
True
Suppose m + 10 = 1. Suppose 2*u - 5*a = -u + 56, 0 = -5*u - 5*a + 120. Let g = m + u. Is g a prime number?
True
Let n(y) = -y**3 + 3*y**2 - 2*y. Let o be n(2). Suppose 5*c = 2*a - 0*a + 155, o = 2*a - 10. Is c composite?
True
Let h(j) = j**3 + 3*j**2 + 10*j - 13. Is h(9) a composite number?
False
Let g(l) = 6*l**2 + 6*l + 1. Is g(-7) composite?
True
Let u(v) = v**3 + 5*v**2 - 7*v - 3. Let z be u(-6). Suppose 2*q + z*q = 105. Is q a composite number?
True
Suppose -13 = 6*c - 5*c. Suppose -2*i + 12 + 64 = 0. Let w = c + i. Is w composite?
True
Suppose 4*b - 4*f + 3*f = -40, 2*f = -8. Let j(o) = 5 - 1 + 0 + 3 - 5*o. Is j(b) composite?
True
Let f(x) = -x**3 - 21*x**2 + 19*x + 43. Is f(-22) prime?
True
Let o = -4 + 1. Let p = -5 - o. Is (p + 0)*55/(-2) prime?
False
Let w = 34 + -16. Suppose 51 + w = p. Suppose -p = -r - 2*r. Is r prime?
True
Let d = 2 - 2. Suppose k - 2 = -d. Is (1 - k) + (2 - -34) composite?
True
Let g be (-3)/(3*-1) - -2. Let r = g + -3. Suppose r = n - 10 - 67. Is n a composite number?
True
Suppose 70 = -5*u - 5. Is (-2 + u/(-6))*194 composite?
False
Suppose p = 5*y - 2, 3*y + 3*p = 2*p - 2. Suppose x + y - 1 = 0. Let n(u) = 10*u**3 + 2*u**2 - 2*u + 1. Is n(x) a composite number?
False
Is (3 - 6) + 0 + (-512)/(-2) prime?
False
Let i = 169 + -74. Suppose 4*h - 26 = 94. Let m = i - h. Is m prime?
False
Let n be -1 - -1 - (-2 + 1). Let m be (-2)/(-4)*0/n. Is (7 - m)/(1 - 0) prime?
True
Suppose 0 = 2*j - 0*j + 5*d - 4278, 0 = 5*d + 20. Is j a prime number?
False
Let c(g) be the first derivative of g**3/3 + 3*g**2 - 4*g - 2. Let r be c(-7). Is (-2)/r - 520/(-24) a composite number?
True
Let n(o) = 30*o**2 - 2*o - 1. Let x be n(2). Let p = -114 + 38. Let a = x + p. Is a a composite number?
True
Let a = -46 + -86. Let y = 449 - a. Is y a composite number?
True
Let i(l) = 4*l**2 + l. Let x be i(-1). Suppose 5*w - 15 = 0, -u - 3*w + x = -7. Is -14*(u - (-50)/(-4)) a prime number?
False
Let a = 2401 + -1648. Is a composite?
True
Suppose 3*p + 3743 = 5*y, -3*p - 957 - 533 = -2*y. Is y a prime number?
True
Let n = -335 + 1212. Is n a composite number?
False
Let r be (-4 + 1523/(-2))*2. Is r/(-5) + (-20)/(-25) a prime number?
True
Suppose 4*q = 3*s - 1, 5*s = 2*q - q + 13. Suppose 2*c + s*b - 76 = 0, c + 3*c - 4*b = 192. Let w = -25 + c. Is w composite?
False
Let t = 425 + 74. Is t composite?
False
Let m(t) = 15*t + 21. Let b(o) = 15*o + 20. Let l(w) = -5*b(w) + 4*m(w). Is l(-7) a composite number?
False
Let n = 3 - -12. Let j be (n/(-6))/5*0. Suppose j = q - 4*f - 95, -609 + 134 = -5*q + f. Is q a prime number?
False
Let a = -3 - -5. Suppose -a*i + 4 = 4*q, -3*q + 5 = -7. Let s(k) = 3*k**2 + 6*k - 3. Is s(i) a prime number?
False
Let z = 6 + 16. Is z a composite number?
True
Suppose 4*k - 5*o = 1203, -5*k = 15*o - 17*o - 1525. Is k a composite number?
False
Suppose 4*z = 2*a - 64 + 4, -2*z = a - 30. Suppose -q + 56 = -a. Is q a composite number?
True
Suppose 2*h - 179 = h + 3*v, 0 = 2*h - 4*v - 362. Is h a prime number?
False
Let m = 4 - 8. Let u(w) = -w**3 + w**2 + 3*w + 1. Let j be u(m). Let b = -48 + j. Is b a composite number?
True
Let r = -348 - -569. Is r prime?
False
Let i(z) = -102*z + 2. Let l be i(-3). Let t = 8 + -5. Suppose 0 = -b - t*b + l. Is b a composite number?
True
Let d be -1*(-3)/(-1) + 2. Let l be d*2*(-1)/(-2). Is (0 - l)/(3/237) composite?
False
Suppose 18599 = 16*c - 9*c. Is c a composite number?
False
Is (51108/(-36))/((-2)/6) a composite number?
False
Suppose 2*x = -2*x + 4*k + 52, 4*x - 76 = -2*k. Suppose 52 = t + x. Is t a prime number?
False
Let y(d) = 471*d**2 + 2*d + 3. Is y(-2) prime?
False
Suppose 0 = -3*l + 12, 0 = -3*p - 2*l + 18 + 2. Suppose 4*i + 321 = x, -6*x - p*i + 690 = -4*x. Is x prime?
True
Let p(u) = -33*u - 7. Let g be (18/21)/(-1)*7. Is p(g) a prime number?
True
Let a(q) be the second derivative of -2*q**3/3 + 9*q**2/2 - q. Let r(t) = -3*t + 8. Let h(i) = -5*a(i) + 6*r(i). Is h(5) prime?
True
Let o = -45 - -236. Is o a prime number?
True
Let c be 28/13 - (-